{"id":12,"date":"2026-02-12T15:45:33","date_gmt":"2026-02-12T14:45:33","guid":{"rendered":"https:\/\/akbshop.hu\/index.php\/kosar\/"},"modified":"2026-04-07T11:04:07","modified_gmt":"2026-04-07T10:04:07","slug":"kosar","status":"publish","type":"page","link":"https:\/\/akbshop.hu\/index.php\/kosar\/","title":{"rendered":"Kos\u00e1r"},"content":{"rendered":"\t\t<div data-elementor-type=\"wp-page\" data-elementor-id=\"12\" class=\"elementor elementor-12\" data-elementor-post-type=\"page\">\n\t\t\t\t<div class=\"elementor-element elementor-element-2e6066d e-con-full e-flex e-con e-parent\" data-id=\"2e6066d\" data-element_type=\"container\" data-e-type=\"container\">\n\t\t\t\t<\/div>\n\t\t<div class=\"elementor-element elementor-element-841cb8d e-flex e-con-boxed e-con e-parent\" data-id=\"841cb8d\" data-element_type=\"container\" data-e-type=\"container\">\n\t\t\t\t\t<div class=\"e-con-inner\">\n\t\t\t\t\t<\/div>\n\t\t\t\t<\/div>\n\t\t\t\t<\/div>\n\t\t","protected":false},"excerpt":{"rendered":"<p>A rendel\u00e9sed mell\u00e9 kapsz 1&nbsp;199 var\u00e1zsbabot is, amit k\u00e9s\u0151bb bev\u00e1lthatsz a webshopban. Haszn\u00e1lj fel 20 var\u00e1zsbabot, \u00e9s m\u00e1ris 20&nbsp;&#070;&#116; kedvezm\u00e9nyt vonunk le a rendel\u00e9sb\u0151l. T\u00e9tel t\u00f6rl\u00e9se B\u00e9lyegk\u00e9p Term\u00e9k \u00c1r Mennyis\u00e9g R\u00e9sz\u00f6sszeg &times; Aljas K\u00fasz\u00f3bab &#8211; Baseball sapka 5990&nbsp;&#70;&#116; Aljas K\u00fasz\u00f3bab &#8211; Baseball sapka mennyis\u00e9g 11980&nbsp;&#70;&#116; &times; Eg\u00e9sz nap sz\u00e1ntok, durv\u00e1n tolom p\u00f3l\u00f3 &#8211; M 8990&nbsp;&#70;&#116; [&hellip;]<\/p>\n","protected":false},"author":1,"featured_media":0,"parent":0,"menu_order":0,"comment_status":"closed","ping_status":"closed","template":"","meta":{"footnotes":""},"class_list":["post-12","page","type-page","status-publish","hentry"],"_links":{"self":[{"href":"https:\/\/akbshop.hu\/index.php\/wp-json\/wp\/v2\/pages\/12","targetHints":{"allow":["GET"]}}],"collection":[{"href":"https:\/\/akbshop.hu\/index.php\/wp-json\/wp\/v2\/pages"}],"about":[{"href":"https:\/\/akbshop.hu\/index.php\/wp-json\/wp\/v2\/types\/page"}],"author":[{"embeddable":true,"href":"https:\/\/akbshop.hu\/index.php\/wp-json\/wp\/v2\/users\/1"}],"replies":[{"embeddable":true,"href":"https:\/\/akbshop.hu\/index.php\/wp-json\/wp\/v2\/comments?post=12"}],"version-history":[{"count":25,"href":"https:\/\/akbshop.hu\/index.php\/wp-json\/wp\/v2\/pages\/12\/revisions"}],"predecessor-version":[{"id":290,"href":"https:\/\/akbshop.hu\/index.php\/wp-json\/wp\/v2\/pages\/12\/revisions\/290"}],"wp:attachment":[{"href":"https:\/\/akbshop.hu\/index.php\/wp-json\/wp\/v2\/media?parent=12"}],"curies":[{"name":"wp","href":"https:\/\/api.w.org\/{rel}","templated":true}]}}